s -11021 + 224?
-10242
In base 10, what is -35 + 32461?
32426
In base 5, what is 24020343 + -10?
24020333
In base 16, what is 5 + 596ba?
596bf
In base 7, what is 1361 + 204?
1565
In base 5, what is -1423 + -24223?
-31201
In base 4, what is 20 - -30232321?
30233001
In base 3, what is -10111201122 - 100?
-10111201222
In base 12, what is -1b76747 - 1?
-1b76748
In base 7, what is -6 - -3652603?
3652564
In base 10, what is 29388 - -5?
29393
In base 2, what is 1100 - -10100011101110?
10100011111010
In base 16, what is 3 + -95?
-92
In base 10, what is -63 - -28183?
28120
In base 2, what is -1000001111 + -1111111?
-1010001110
In base 6, what is 2421 + -23?
2354
In base 5, what is 42132 - -14?
42201
In base 15, what is -5 + 40e2?
40dc
In base 7, what is 3122 - 25?
3064
In base 3, what is -210122022000 + -10?
-210122022010
In base 5, what is 33100412 + 10?
33100422
In base 11, what is 330 - 91a?
-59a
In base 6, what is -155054 + -1?
-155055
In base 10, what is -8148 - -85?
-8063
In base 16, what is -4ce88 - -3?
-4ce85
In base 2, what is 100111101011 - 11010111?
100100010100
In base 7, what is -5511 + -66?
-5610
In base 14, what is 2c4b + -64?
2bc7
In base 7, what is -25501 + 115?
-25353
In base 15, what is 6 + 1879?
1880
In base 6, what is -2 - -40530?
40524
In base 7, what is -53 - -60531?
60445
In base 7, what is -10566561 + 4?
-10566554
In base 6, what is -4 + 55343?
55335
In base 15, what is c24 - -ab?
cd0
In base 8, what is 5 - -41416?
41423
In base 6, what is 12 - -435021?
435033
In base 15, what is 1c0a - -30?
1c3a
In base 2, what is 0 + 10101101101101?
10101101101101
In base 8, what is 1 - -56264?
56265
In base 10, what is -297 - 82?
-379
In base 12, what is 2994 + 84?
2a58
In base 2, what is 1001000101101100 - -111?
1001000101110011
In base 13, what is -1675c7 + -2?
-1675c9
In base 7, what is -20 - 4301230?
-4301250
In base 11, what is -5210 + -4?
-5214
In base 16, what is -1fa - 179?
-373
In base 13, what is -2a5a - -189?
-28a1
In base 8, what is -137564 + -107?
-137673
In base 9, what is -2858 - -4?
-2854
In base 14, what is -3b053 + 14?
-3b03d
In base 5, what is -30 - 24340041?
-24340121
In base 6, what is 302234 - -1?
302235
In base 9, what is -2 - 517376?
-517378
In base 7, what is 1000405 + -22?
1000353
In base 15, what is -1 + 17acc?
17acb
In base 12, what is b2 + 1349?
143b
In base 10, what is -35 + -183?
-218
In base 6, what is -214 + -1244?
-1502
In base 14, what is 2bc - 14?
2a8
In base 14, what is -a978 + -4?
-a97c
In base 2, what is 10011011000111 + 11111?
10011011100110
In base 10, what is 85 + 7328?
7413
In base 15, what is -5 + -562?
-567
In base 13, what is -a96 + -b7?
-b80
In base 13, what is -1a6 - 40?
-216
In base 2, what is 11 + 10000000111001?
10000000111100
In base 16, what is -10 + -fb6c?
-fb7c
In base 14, what is 1 - 1dbc?
-1dbb
In base 9, what is 2 - 570363?
-570361
In base 2, what is -10110010011100001 - 1110?
-10110010011101111
In base 10, what is -7204 - 2?
-7206
In base 5, what is -20 + -131034?
-131104
In base 14, what is 95b + -3?
958
In base 7, what is -405 + 16002?
15264
In base 13, what is 2b + -17b7?
-1789
In base 2, what is 1100101011 + 101101?
1101011000
In base 8, what is -10 + 261155?
261145
In base 12, what is 7 + -102?
-b7
In base 11, what is -5 + -124582?
-124587
In base 12, what is -104 - 29?
-131
In base 6, what is 13 - 44552?
-44535
In base 6, what is 32111 + 33?
32144
In base 2, what is 1001010 + 11011110011?
11100111101
In base 14, what is -425b - 11d?
-437a
In base 10, what is -373 + 6?
-367
In base 4, what is -33 + 230021?
223322
In base 8, what is 707 + -1612?
-703
In base 12, what is 824b - 1?
824a
In base 4, what is -20 + 202011033?
202011013
In base 10, what is -935 + 46?
-889
In base 2, what is 10001101000111011001110 - -100?
10001101000111011010010
In base 14, what is 46247c + 3?
462481
In base 13, what is 43 - -2a9b?
2b11
In base 14, what is -11b75 - 2?
-11b77
In base 10, what is -39 + 284?
245
In base 16, what is 42 + 9d8?
a1a
In base 7, what is -3 - -444535?
444532
In base 10, what is 43102 - 3?
43099
In base 4, what is 112323232 + 0?
112323232
In base 12, what is -1997 - 3?
-199a
In base 6, what is -355004 + -1?
-355005
In base 5, what is 20030140 + 0?
20030140
In base 11, what is 448 - 5045?
-46a8
In base 6, what is -10123514 + 12?
-10123502
In base 4, what is 3000 - -1101?
10101
In base 11, what is 5 + -22a798?
-22a793
In base 7, what is -42 + -135233?
-135305
In base 13, what is 45 - -13b5b?
13ba3
In base 15, what is 24 - -5410?
5434
In base 11, what is -77533 + -5?
-77538
In base 13, what is 1c - 50a80?
-50a61
In base 4, what is 1102321 - -22?
1103003
In base 14, what is -363 - 37?
-39a
In base 5, what is -213432 + -21?
-214003
In base 16, what is -2 - 2f71e?
-2f720
In base 8, what is -141 - 13770?
-14131
In base 9, what is 12006 - 6?
12000
In base 9, what is -11506 - 14?
-11521
In base 15, what is -6bb + 270?
-44b
In base 3, what is 21 - 22121001220?
-22121001122
In base 12, what is 4b3 - -179?
670
In base 2, what is 11000010 - 10101111110?
-10010111100
In base 9, what is -48118 + 1?
-48117
In base 2, what is 101000101 + -1011000?
11101101
In base 4, what is 232 + -111030312?
-111030020
In base 3, what is -1 + -101110?
-101111
In base 6, what is -40203 - -1?
-40202
In base 14, what is 7c7c6 + -3?
7c7c3
In base 8, what is 124 - 14214?
-14070
In base 14, what is -28b06d - 2?
-28b071
In base 13, what is -4 - c475?
-c479
In base 10, what is -2045 - -599?
-1446
In base 5, what is -4 + -213314000?
-213314004
In base 3, what is -10 - 221020002121?
-221020002201
In base 4, what is 22130 + -10021?
12103
In base 6, what is 2054004 + -2?
2054002
In base 6, what is 13125 - 243?
12442
In base 6, what is 444551 - -41?
445032
In base 13, what is 227 + -1ba?
3a
In base 5, what is 344202 + -324?
343323
In base 15, what is -2dd028 + 0?
-2dd028
In base 10, what is 65671 + 0?
65671
In base 16, what is 1ee7ff + -1?
1ee7fe
In base 4, what is 30323 + 10100?
101023
In base 12, what is 2 + 4316?
4318
In base 12, what is 247a - -110?
258a
In base 8, what is 302765 + 3?
302770
In base 3, what is 110 + 20011002?
20011112
In base 10, what is 2 + -19519?
-19517
In base 3, what is -1210 + -101211?
-110121
In base 16, what is 1 - 426ca?
-426c9
In base 12, what is 5 + 5474?
5479
In base 12, what is -2 - -305a50?
305a4a
In base 8, what is 5726 - -15?
5743
In base 7, what is 0 + -231652?
-231652
In base 5, what is -43 - 1331330?
-1331423
In base 6, what is 1403 - -243?
2050
In base 6, what is -1 + -114130?
-114131
In base 6, what is 454 - 30304?
-25410
In base 8, what is 0 - -1755112?
1755112
In base 5, what is 20100202 + -112?
20100040
In base 8, what is -14745 + 611?
-14134
In base 4, what is 2311132 + 0?
2311132
In base 3, what is 1021 - -222221221?
1000000012
In base 14, what is -3 + -1486?
-1489
In base 15, what is 2 - -e9230?
e9232
In base 15, what is -5 + -2c731?
-2c736
In base 12, what is 1697 + 197?
1872
In base 15, what is -39d8d - 1?
-39d8e
In base 7, what is -103 + 3024?
2621
In base 14, what is -b3 + -12cc?
-13a1
In base 7, what is -10 + 564433?
564423
In base 9, what is 0 - -26260?
26260
In base 12, what is b - -481a?
4829
In base 10, what is 11532 + -231?
11301
In base 14, what is 3 + cda4?
cda7
In base 4, what is 10113300203 + 0?
10113300203
In base 5, what is -3023003 - 2?
-3023010
In base 12, what is 10 - 49656?
-49646
In base 5, what is -142 + 1024322?
1024130
In base 8, what is -21307 + -112?
-21421
In base 2, what is -100111110101101 - 101?
-100111110110010
In base 3, what is -1202000210210 - -11?
-1202000210122
In base 16, what is -13 + -26dd?
-26f0
In base 7, what is -546 - -1152?
303
In base 2, what is 0 + 1011101101000?
1011101101000
In base 14, what is -4 + 170176?
170172
In base 2, what is 10110100010010 + -111000?
10110011011010
In base 5, what is 22 + -142424?
-142402
In base 5, what is 2040 - 132233?
-130143
In base 11, what is -2298 - -207?
-2091
In base 14, what is 0 - 558?
-558
In base 2, what is -10 + -1000100101000110111?
-1000100101000111001
In base 9, what is -3 - 1048268?
-1048272
In base 5, what is 11 + -4100033?
-4100022
In base 4, what is -2 + -301212122?
-301212130
In base 12, what is 0 + 13a29?
13a29
In base 5, what is 303 - -21103?
21411
In base 9, what is -4 - -1772